 n composite?
False
Suppose -o + 333957 = 14*a - 9*a, 5*o = a + 1669889. Is o a composite number?
True
Let w = 64 + -30. Suppose w = 20*n - 18*n. Suppose 12*g = n*g - 5755. Is g composite?
False
Let r(u) = u - 1. Let h(n) = 5*n - 465. Let w(j) = -h(j) + 2*r(j). Is w(0) a composite number?
False
Let z(y) = y**2 - 7*y + 9. Let i be z(11). Let q = -42 + i. Is 3/((q/47366)/((-1)/(-6))) composite?
False
Let x = 64 - 176. Let l = x + 102. Let b(f) = -560*f - 9. Is b(l) a composite number?
False
Let x = 554019 + -217174. Is x composite?
True
Let k(o) = 522*o**2 + 24*o - 47. Is k(5) composite?
True
Let s(a) = 83*a**2 + 3*a + 87. Let c be s(20). Suppose c = 4*u + 2*m - 50371, -2*u + 41854 = -4*m. Is u a composite number?
False
Suppose -3*t = 4*o - 731515 - 613744, 448426 = t - 5*o. Is t a composite number?
False
Suppose -3*o = -l - 6*o + 337, -4*o + 4 = 0. Is l prime?
False
Let y be (-20)/(-8)*1/(10/8). Suppose y*k + k - p - 14 = 0, 4*p + 23 = k. Suppose k*f - 866 = -w + 621, -2*f = -4. Is w a composite number?
False
Suppose -2*z - 5*s = -50293, 3*z - 3*s + 9317 - 84725 = 0. Is z a composite number?
True
Is (-116)/290*(-176005)/2 prime?
True
Let q = -64 - -109. Let h = 37 - q. Is h/(-4) - 1431/(-3) prime?
True
Suppose 5*w + 2*t = 10 + 11, -4*w + 14 = 3*t. Suppose -4*z = -q - 4872, -5*z - 525*q + 528*q = -6083. Suppose z = w*d - 66. Is d a composite number?
False
Suppose -2*z - 3*k + 507020 = 0, 141127 - 901652 = -3*z - 2*k. Is z a prime number?
True
Is (2/(-3))/((-96)/115056) a composite number?
True
Is 180/36*(-1679996)/(-6)*(-9)/(-30) prime?
True
Is 48 - 28 - -273766 - -1*(3 + -2) a prime number?
True
Let l(u) = -u**3 + 13*u**2 - 22*u. Let a be l(9). Let o be (-2)/2*(a + -6 + 5). Is 15306/5 + 25/o prime?
True
Let t = 487 - -382. Let o be (t/44)/((-2)/(-40)). Is -6 + 2 - -1*o composite?
True
Suppose 2*n - t - 47435 = 0, -3*t = -5*n + 2*t + 118580. Is n a composite number?
False
Suppose 6*x + 1196286 = -49*x + 17006641. Is x composite?
True
Let c(u) = 2*u**2 + 27*u - 18. Let s = -64 - -52. Let t be 46/3*s/8. Is c(t) a composite number?
False
Suppose -27758 = -v + c, c + 44464 - 155496 = -4*v. Suppose v = 8*m + 3334. Is m a composite number?
True
Let d(t) = 88*t**3 - 2*t**2 + 223*t + 88. Is d(15) prime?
True
Suppose -5*y = 4*v - 2, 2 + 20 = 4*v - 5*y. Suppose 21 = v*c - 612. Is c a composite number?
False
Is (-1 - 1 - 8)*(7 - 984375/70) prime?
False
Let m(c) = 20*c**2 - 3*c + 8. Let z be -5 - -4 - (-15)/5. Suppose -29 = -3*h + r, z*r + 3*r + 1 = -h. Is m(h) prime?
True
Let r = 62975 + 229574. Is r a prime number?
True
Suppose -18*b + 27 = -45. Suppose -5*c + 4*u = -12447, 4*u + 2483 = -3*c + b*c. Is c composite?
True
Is (1/(-4))/(40/(-2870880)) a composite number?
True
Suppose 10*b + 29*b = 130444 + 855125. Is b a composite number?
True
Let a = 63 - 61. Suppose -a*h = r - 899, -1788 = -4*r + 4*h + 1808. Is r a prime number?
False
Let s(c) = -28*c + 59. Let r be s(2). Is r*(8260/(-3) + -3)/(-1) composite?
False
Let j(f) = 661*f + 1460. Is j(39) composite?
False
Suppose -4*t = 14*a - 19*a - 80789, 3*a + 80795 = 4*t. Is t prime?
True
Suppose -5*o = v - 552506, -4*v + 0*o - 2*o = -2209934. Is v composite?
False
Let p = 7572 - -16859. Is p prime?
False
Let t = -267769 - -447378. Is t composite?
True
Let f = -663 - -665. Suppose f*c = 84 + 22850. Is c composite?
False
Is (-8)/18 + (-47056374)/(-162) prime?
True
Suppose -5*r = w - 38054, -2*r = -4*r - 4*w + 15218. Let s = 13340 - r. Is s a prime number?
False
Suppose -9 = -2*s - 1, 0 = -4*i - 2*s + 20. Let j(o) = i - 2 + 0*o**2 - o**2 - 95*o**3 + 2*o + 2*o**2. Is j(-1) composite?
True
Suppose 106*q = 115*q - 645318. Let g = 100399 - q. Is g prime?
True
Let l(q) = -q**3 + q**2 + q + 3. Let z(k) = 14*k**3 - 17*k**2 - 14*k - 23. Let n(t) = -4*l(t) - z(t). Is n(-6) prime?
True
Is -2175807*1*(-14)/189 - 1/(-9) prime?
False
Let n be (-6)/(-2) - -2*3/6. Suppose n*b - 7*b + 41415 = 0. Is (-40)/(-18) - 2 - b/(-45) prime?
True
Let j = 402747 - -69142. Is j a prime number?
False
Suppose 10*z - 74 = 76. Let u be 7767/z - (-5)/25*1. Suppose -2*k + u = 3*i, -2*k = 4*i - 318 - 200. Is k composite?
True
Let k = 761483 - 177066. Is k composite?
False
Let d = 18401 - 6036. Is d a prime number?
False
Suppose -h + 57 = -0*f + 3*f, 3*h = 4*f + 171. Let d = -471 - 293. Let i = h - d. Is i a composite number?
False
Let m(a) = -39008*a - 4937. Is m(-12) a composite number?
True
Suppose 2*a = -2*d + 22, -4*a = -4 - 4. Suppose -d - 11 = -4*y. Suppose j + 1066 = y*n, 2*n - 399 - 23 = -4*j. Is n composite?
True
Let t = 2706636 + -520939. Is t a composite number?
False
Let f = 156848 - -451421. Is f a composite number?
False
Let g(u) = -354*u + 85. Let o(h) = 89*h - 21. Let q(a) = 2*g(a) + 9*o(a). Is q(5) a prime number?
False
Suppose -g = -9 + 10. Let o(i) = -i**3 - i**2 + 1. Let f(y) = 6*y**2 - 6*y - 13. Let d(t) = g*f(t) + 2*o(t). Is d(-8) a prime number?
True
Let i(o) = -116*o - 27. Suppose -3*p - 3*h - 20 = -8*p, -3*p - 3*h = -12. Suppose -3*x + 0 = 2*l + 37, 0 = -p*l - 8. Is i(x) a prime number?
True
Suppose -8*c - 9*c = 10*c - 173205. Let t(b) = b - 3. Let k be t(6). Suppose -2218 + c = k*y. Is y prime?
True
Let z(q) = -2357*q + 115. Let w(f) = 786*f - 39. Let l(j) = 11*w(j) + 4*z(j). Let d be l(-6). Let y = d - 3180. Is y a prime number?
True
Let h(n) = 630*n**2 + 3*n - 1. Let b be h(4). Suppose k = 5100 + 2092. Let y = b - k. Is y composite?
True
Let j(i) = -i**3 - 27*i**2 - 27*i + 11. Let b be j(-26). Suppose -b = -m - 159. Let a = m - -209. Is a a prime number?
False
Let c be 2 + 1 + -4 + 6. Let b be (1 + -6 + c)/(1*-1). Suppose 8*i - 9*i - 2*t + 879 = 0, 2*i + 3*t - 1762 = b. Is i composite?
False
Let v(w) = 183*w**2 + 12*w - 32. Let g be v(16). Is g/13 + -1*3 a composite number?
False
Let l be -23 + -9 + (1 - -2). Let t = l - -29. Is 1*89 + t*1/4 a prime number?
True
Let j = -3 - -12. Suppose 0 = 2*y + 4*m - 3972, y = -4*m + j*m + 2007. Suppose -3*o + y = -729. Is o composite?
False
Is (-52 + 3 - -35)/((-2)/4441) composite?
True
Suppose 22*v + 16336 = 190004. Let x = -3893 + v. Is x composite?
False
Let n(o) = -25*o + 327. Let g be n(13). Suppose -2*w + w - 74806 = -3*m, -g*m = 5*w - 49899. Is m prime?
False
Suppose 3*v - 29 = -3*k + 4*k, 4*k = 16. Let c be 1/((11/1660)/v). Let p = c - -555. Is p prime?
False
Let n = -36499 - -95156. Is n prime?
True
Let n = 19547 - 10928. Let k(o) = 2567*o + 1651. Let d be k(-3). Let y = n + d. Is y a prime number?
False
Suppose 2*x = -w + 25, -x = 3*x - w - 41. Let f be 6/(4 - 2) - -1. Is -307*(x/(-4) + 2)*f prime?
False
Let h = 534483 - 249106. Is h prime?
True
Suppose -10*t = -3*s - 12*t + 156711, 0 = 3*s - t - 156711. Is s composite?
False
Suppose 7*o - 1693 = 6028. Let w = o + 948. Is (w/14)/(2/4) a prime number?
True
Let m(t) = 14*t**2 + 9*t - 15. Is m(14) a prime number?
False
Let v = -4780 + 8169. Is v a prime number?
True
Let y = -108368 - -252207. Is y a prime number?
False
Suppose -l = -12*l - 25762. Let f = 1203 + l. Let i = f + 1726. Is i a composite number?
False
Suppose -2032 = -4*v + 4*u, 2*v - 2558 = -3*v - 4*u. Let m be v/40 + 1/4. Let y(a) = 36*a + 1. Is y(m) a composite number?
True
Is (-168 + 173)*((-3068180)/(-25) + (0 - -3)) a composite number?
False
Let q(w) = 22*w**3 + 23*w**2 - 54*w - 137. Is q(12) prime?
True
Let i be 0/3 + 2 - 18/(-6). Suppose -v + 18895 = i*l - 2*v, -2*v - 18900 = -5*l. Is l a prime number?
False
Let g(z) = 48*z + 28. Let k be g(-8). Let j = -220 - k. Let b = j - -275. Is b a composite number?
True
Suppose 4*r + 5*a = r - 59010, 0 = -4*a + 12. Let g = 30168 + r. Is g prime?
False
Let q be 2/12 + (-309)/18. Let r = q + 13. Let g(f) = -5*f**3 - 3*f**2 + 2*f - 7. Is g(r) a composite number?
False
Suppose 0 = 68*k - 60*k - 1048. Let g = k + 250. Is g a composite number?
True
Suppose 3*l + 7964657 = 5*r - 5*l, 18 = -2*l. Is r a composite number?
True
Suppose j - 2*l = 20794 + 11149, l - 159759 = -5*j. Is j a prime number?
False
Let n = -228485 - -539836. Is n prime?
False
Suppose -52 = 4*c - 17*c. Suppose -5*o + 3*p = -69695, 6*o + c*p - 69695 = o. Is o prime?
False
Suppose 4*y - 1459214 = -5*v + 7*v, v - 7 = 0. Is y a prime number?
False
Suppose -2*o + 5*l - 8*l + 2624293 = 0, 5*o - 5*l = 6560770. Is o composite?
True
Suppose -f = -4*f + 9. Let 